{"id":698,"date":"2021-10-06T22:20:15","date_gmt":"2021-10-07T01:20:15","guid":{"rendered":"https:\/\/nucleopaf.com.br\/?page_id=698"},"modified":"2021-10-06T23:05:37","modified_gmt":"2021-10-07T02:05:37","slug":"publicacoes-no-youtube","status":"publish","type":"page","link":"https:\/\/nucleopaf.com.br\/?page_id=698","title":{"rendered":"Youtube"},"content":{"rendered":"\r\n<div id=\"sb_youtube_sbyUCCzJLP4VHHT1tEDbgLoW0Q6\" class=\"sb_youtube sby_layout_gallery sby_col_3 sby_mob_col_2  sby_width_resp\" data-feedid=\"sby_UCCzJLP4VH-HT1tEDbgLoW0Q#6\" data-shortcode-atts=\"{&quot;channel&quot;:&quot;UCCzJLP4VH-HT1tEDbgLoW0Q&quot;}\" data-cols=\"3\" data-colsmobile=\"2\" data-num=\"6\" data-nummobile=\"6\" data-sby-flags=\"resizeDisable\" data-postid=\"698\" style=\"width: 100%;\">\r\n\t    <div id=\"sby_player_VVVDekpMUDRWSC1IVDF0RURiZ0xvVzBRLm05WFdDdWt1Nnc0\" class=\"sby_player_outer_wrap sby_player_item\"  style=\"padding: 5px;padding-bottom: 0;\">\r\n    <div class=\"sby_video_thumbnail_wrap\">\r\n        <a class=\"sby_video_thumbnail sby_player_video_thumbnail\" href=\"https:\/\/www.youtube.com\/watch?v=m9XWCuku6w4\" target=\"_blank\" rel=\"noopener\" data-full-res=\"https:\/\/i.ytimg.com\/vi\/m9XWCuku6w4\/maxresdefault.jpg\" data-img-src-set=\"{&quot;120&quot;:&quot;https:\\\/\\\/i.ytimg.com\\\/vi\\\/m9XWCuku6w4\\\/default.jpg&quot;,&quot;320&quot;:&quot;https:\\\/\\\/i.ytimg.com\\\/vi\\\/m9XWCuku6w4\\\/mqdefault.jpg&quot;,&quot;480&quot;:&quot;https:\\\/\\\/i.ytimg.com\\\/vi\\\/m9XWCuku6w4\\\/hqdefault.jpg&quot;,&quot;640&quot;:&quot;https:\\\/\\\/i.ytimg.com\\\/vi\\\/m9XWCuku6w4\\\/sddefault.jpg&quot;}\" data-video-id=\"m9XWCuku6w4\">\r\n            <span class=\"sby-screenreader\">YouTube Video VVVDekpMUDRWSC1IVDF0RURiZ0xvVzBRLm05WFdDdWt1Nnc0<\/span>\r\n            <img decoding=\"async\" src=\"https:\/\/nucleopaf.com.br\/wp-content\/plugins\/feeds-for-youtube\/img\/placeholder.png\" alt=\"\">\r\n            <span class=\"sby_loader sby_hidden\" style=\"background-color: rgb(255, 255, 255);\"><\/span>\r\n        <\/a>\r\n                    <div class=\"sby_play_btn\">\r\n            <svg aria-hidden=\"true\" focusable=\"false\" data-prefix=\"fab\" data-icon=\"youtube\" role=\"img\" xmlns=\"http:\/\/www.w3.org\/2000\/svg\" viewBox=\"0 0 576 512\" class=\"svg-inline--fa fa-youtube fa-w-18\"><path fill=\"currentColor\" d=\"M549.655 124.083c-6.281-23.65-24.787-42.276-48.284-48.597C458.781 64 288 64 288 64S117.22 64 74.629 75.486c-23.497 6.322-42.003 24.947-48.284 48.597-11.412 42.867-11.412 132.305-11.412 132.305s0 89.438 11.412 132.305c6.281 23.65 24.787 41.5 48.284 47.821C117.22 448 288 448 288 448s170.78 0 213.371-11.486c23.497-6.321 42.003-24.171 48.284-47.821 11.412-42.867 11.412-132.305 11.412-132.305s0-89.438-11.412-132.305zm-317.51 213.508V175.185l142.739 81.205-142.739 81.201z\" class=\"\"><\/path><\/svg>                <span class=\"sby_play_btn_bg\"><\/span>\r\n            <\/div>\r\n                <div class=\"sby_player_wrap\">\r\n            <div class=\"sby_player\"><\/div>\r\n        <\/div>\r\n    <\/div>\r\n\r\n<\/div>\r\n    <div class=\"sby_items_wrap\" style=\"padding: 5px;\">\r\n\t\t<div class=\"sby_item  sby_new sby_transition sby_no_margin\" id=\"sby_VVVDekpMUDRWSC1IVDF0RURiZ0xvVzBRLm05WFdDdWt1Nnc0\" data-date=\"1768791663\" data-video-id=\"m9XWCuku6w4\">\r\n    <div class=\"sby_video_thumbnail_wrap\">\r\n        <a class=\"sby_video_thumbnail sby_item_video_thumbnail\" href=\"https:\/\/www.youtube.com\/watch?v=m9XWCuku6w4\" target=\"_blank\" rel=\"noopener\" data-full-res=\"https:\/\/i.ytimg.com\/vi\/m9XWCuku6w4\/maxresdefault.jpg\" data-img-src-set=\"{&quot;120&quot;:&quot;https:\\\/\\\/i.ytimg.com\\\/vi\\\/m9XWCuku6w4\\\/default.jpg&quot;,&quot;320&quot;:&quot;https:\\\/\\\/i.ytimg.com\\\/vi\\\/m9XWCuku6w4\\\/mqdefault.jpg&quot;,&quot;480&quot;:&quot;https:\\\/\\\/i.ytimg.com\\\/vi\\\/m9XWCuku6w4\\\/hqdefault.jpg&quot;,&quot;640&quot;:&quot;https:\\\/\\\/i.ytimg.com\\\/vi\\\/m9XWCuku6w4\\\/sddefault.jpg&quot;}\" data-video-id=\"m9XWCuku6w4\" data-video-title=\"PALESTRA REALIZADA EM 27.09.25 | Influ\u00eancias espirituais e a busca por prote\u00e7\u00e3o\">\r\n            <img decoding=\"async\" src=\"https:\/\/nucleopaf.com.br\/wp-content\/plugins\/feeds-for-youtube\/img\/placeholder.png\" alt=\"\">\r\n\r\n            <div class=\"sby_thumbnail_hover\">\r\n                <span class=\"sby_video_title\">PALESTRA REALIZADA EM 27.09.25 | Influ\u00eancias espirituais e a busca por prote\u00e7\u00e3o<\/span>\r\n            <\/div>\r\n\r\n            <span class=\"sby-screenreader\">YouTube Video VVVDekpMUDRWSC1IVDF0RURiZ0xvVzBRLm05WFdDdWt1Nnc0<\/span>\r\n\t                        <div class=\"sby_play_btn\">\r\n                    <span class=\"sby_play_btn_bg\"><\/span>\r\n                    <svg aria-hidden=\"true\" focusable=\"false\" data-prefix=\"fab\" data-icon=\"youtube\" role=\"img\" xmlns=\"http:\/\/www.w3.org\/2000\/svg\" viewBox=\"0 0 576 512\" class=\"svg-inline--fa fa-youtube fa-w-18\"><path fill=\"currentColor\" d=\"M549.655 124.083c-6.281-23.65-24.787-42.276-48.284-48.597C458.781 64 288 64 288 64S117.22 64 74.629 75.486c-23.497 6.322-42.003 24.947-48.284 48.597-11.412 42.867-11.412 132.305-11.412 132.305s0 89.438 11.412 132.305c6.281 23.65 24.787 41.5 48.284 47.821C117.22 448 288 448 288 448s170.78 0 213.371-11.486c23.497-6.321 42.003-24.171 48.284-47.821 11.412-42.867 11.412-132.305 11.412-132.305s0-89.438-11.412-132.305zm-317.51 213.508V175.185l142.739 81.205-142.739 81.201z\" class=\"\"><\/path><\/svg>                <\/div>\r\n                        <span class=\"sby_loader sby_hidden\" style=\"background-color: rgb(255, 255, 255);\"><\/span>\r\n        <\/a>\r\n\r\n        \r\n    <\/div>\r\n<\/div><div class=\"sby_item  sby_new sby_transition sby_no_margin\" id=\"sby_VVVDekpMUDRWSC1IVDF0RURiZ0xvVzBRLmd6Sk9XZ0JRZmxZ\" data-date=\"1768791660\" data-video-id=\"gzJOWgBQflY\">\r\n    <div class=\"sby_video_thumbnail_wrap\">\r\n        <a class=\"sby_video_thumbnail sby_item_video_thumbnail\" href=\"https:\/\/www.youtube.com\/watch?v=gzJOWgBQflY\" target=\"_blank\" rel=\"noopener\" data-full-res=\"https:\/\/i.ytimg.com\/vi\/gzJOWgBQflY\/maxresdefault.jpg\" data-img-src-set=\"{&quot;120&quot;:&quot;https:\\\/\\\/i.ytimg.com\\\/vi\\\/gzJOWgBQflY\\\/default.jpg&quot;,&quot;320&quot;:&quot;https:\\\/\\\/i.ytimg.com\\\/vi\\\/gzJOWgBQflY\\\/mqdefault.jpg&quot;,&quot;480&quot;:&quot;https:\\\/\\\/i.ytimg.com\\\/vi\\\/gzJOWgBQflY\\\/hqdefault.jpg&quot;,&quot;640&quot;:&quot;https:\\\/\\\/i.ytimg.com\\\/vi\\\/gzJOWgBQflY\\\/sddefault.jpg&quot;}\" data-video-id=\"gzJOWgBQflY\" data-video-title=\"PALESTRA REALIZADA EM 25.10.25 | Onde estiver seu tesouro, a\u00ed tamb\u00e9m estar\u00e1 seu cora\u00e7\u00e3o\">\r\n            <img decoding=\"async\" src=\"https:\/\/nucleopaf.com.br\/wp-content\/plugins\/feeds-for-youtube\/img\/placeholder.png\" alt=\"\">\r\n\r\n            <div class=\"sby_thumbnail_hover\">\r\n                <span class=\"sby_video_title\">PALESTRA REALIZADA EM 25.10.25 | Onde estiver seu tesouro, a\u00ed tamb\u00e9m estar\u00e1 seu cora\u00e7\u00e3o<\/span>\r\n            <\/div>\r\n\r\n            <span class=\"sby-screenreader\">YouTube Video VVVDekpMUDRWSC1IVDF0RURiZ0xvVzBRLmd6Sk9XZ0JRZmxZ<\/span>\r\n\t                        <div class=\"sby_play_btn\">\r\n                    <span class=\"sby_play_btn_bg\"><\/span>\r\n                    <svg aria-hidden=\"true\" focusable=\"false\" data-prefix=\"fab\" data-icon=\"youtube\" role=\"img\" xmlns=\"http:\/\/www.w3.org\/2000\/svg\" viewBox=\"0 0 576 512\" class=\"svg-inline--fa fa-youtube fa-w-18\"><path fill=\"currentColor\" d=\"M549.655 124.083c-6.281-23.65-24.787-42.276-48.284-48.597C458.781 64 288 64 288 64S117.22 64 74.629 75.486c-23.497 6.322-42.003 24.947-48.284 48.597-11.412 42.867-11.412 132.305-11.412 132.305s0 89.438 11.412 132.305c6.281 23.65 24.787 41.5 48.284 47.821C117.22 448 288 448 288 448s170.78 0 213.371-11.486c23.497-6.321 42.003-24.171 48.284-47.821 11.412-42.867 11.412-132.305 11.412-132.305s0-89.438-11.412-132.305zm-317.51 213.508V175.185l142.739 81.205-142.739 81.201z\" class=\"\"><\/path><\/svg>                <\/div>\r\n                        <span class=\"sby_loader sby_hidden\" style=\"background-color: rgb(255, 255, 255);\"><\/span>\r\n        <\/a>\r\n\r\n        \r\n    <\/div>\r\n<\/div><div class=\"sby_item  sby_new sby_transition sby_no_margin\" id=\"sby_VVVDekpMUDRWSC1IVDF0RURiZ0xvVzBRLlh5VmI0Z2NIUnR3\" data-date=\"1768791637\" data-video-id=\"XyVb4gcHRtw\">\r\n    <div class=\"sby_video_thumbnail_wrap\">\r\n        <a class=\"sby_video_thumbnail sby_item_video_thumbnail\" href=\"https:\/\/www.youtube.com\/watch?v=XyVb4gcHRtw\" target=\"_blank\" rel=\"noopener\" data-full-res=\"https:\/\/i.ytimg.com\/vi\/XyVb4gcHRtw\/maxresdefault.jpg\" data-img-src-set=\"{&quot;120&quot;:&quot;https:\\\/\\\/i.ytimg.com\\\/vi\\\/XyVb4gcHRtw\\\/default.jpg&quot;,&quot;320&quot;:&quot;https:\\\/\\\/i.ytimg.com\\\/vi\\\/XyVb4gcHRtw\\\/mqdefault.jpg&quot;,&quot;480&quot;:&quot;https:\\\/\\\/i.ytimg.com\\\/vi\\\/XyVb4gcHRtw\\\/hqdefault.jpg&quot;,&quot;640&quot;:&quot;https:\\\/\\\/i.ytimg.com\\\/vi\\\/XyVb4gcHRtw\\\/sddefault.jpg&quot;}\" data-video-id=\"XyVb4gcHRtw\" data-video-title=\"PALESTRA REALIZADA EM 22.11.2025 | A import\u00e2ncia dos centros esp\u00edritas\">\r\n            <img decoding=\"async\" src=\"https:\/\/nucleopaf.com.br\/wp-content\/plugins\/feeds-for-youtube\/img\/placeholder.png\" alt=\"\">\r\n\r\n            <div class=\"sby_thumbnail_hover\">\r\n                <span class=\"sby_video_title\">PALESTRA REALIZADA EM 22.11.2025 | A import\u00e2ncia dos centros esp\u00edritas<\/span>\r\n            <\/div>\r\n\r\n            <span class=\"sby-screenreader\">YouTube Video VVVDekpMUDRWSC1IVDF0RURiZ0xvVzBRLlh5VmI0Z2NIUnR3<\/span>\r\n\t                        <div class=\"sby_play_btn\">\r\n                    <span class=\"sby_play_btn_bg\"><\/span>\r\n                    <svg aria-hidden=\"true\" focusable=\"false\" data-prefix=\"fab\" data-icon=\"youtube\" role=\"img\" xmlns=\"http:\/\/www.w3.org\/2000\/svg\" viewBox=\"0 0 576 512\" class=\"svg-inline--fa fa-youtube fa-w-18\"><path fill=\"currentColor\" d=\"M549.655 124.083c-6.281-23.65-24.787-42.276-48.284-48.597C458.781 64 288 64 288 64S117.22 64 74.629 75.486c-23.497 6.322-42.003 24.947-48.284 48.597-11.412 42.867-11.412 132.305-11.412 132.305s0 89.438 11.412 132.305c6.281 23.65 24.787 41.5 48.284 47.821C117.22 448 288 448 288 448s170.78 0 213.371-11.486c23.497-6.321 42.003-24.171 48.284-47.821 11.412-42.867 11.412-132.305 11.412-132.305s0-89.438-11.412-132.305zm-317.51 213.508V175.185l142.739 81.205-142.739 81.201z\" class=\"\"><\/path><\/svg>                <\/div>\r\n                        <span class=\"sby_loader sby_hidden\" style=\"background-color: rgb(255, 255, 255);\"><\/span>\r\n        <\/a>\r\n\r\n        \r\n    <\/div>\r\n<\/div><div class=\"sby_item  sby_new sby_transition sby_no_margin\" id=\"sby_VVVDekpMUDRWSC1IVDF0RURiZ0xvVzBRLks3LXVnakxkQnZ3\" data-date=\"1762376058\" data-video-id=\"K7-ugjLdBvw\">\r\n    <div class=\"sby_video_thumbnail_wrap\">\r\n        <a class=\"sby_video_thumbnail sby_item_video_thumbnail\" href=\"https:\/\/www.youtube.com\/watch?v=K7-ugjLdBvw\" target=\"_blank\" rel=\"noopener\" data-full-res=\"https:\/\/i.ytimg.com\/vi\/K7-ugjLdBvw\/maxresdefault.jpg\" data-img-src-set=\"{&quot;120&quot;:&quot;https:\\\/\\\/i.ytimg.com\\\/vi\\\/K7-ugjLdBvw\\\/default.jpg&quot;,&quot;320&quot;:&quot;https:\\\/\\\/i.ytimg.com\\\/vi\\\/K7-ugjLdBvw\\\/mqdefault.jpg&quot;,&quot;480&quot;:&quot;https:\\\/\\\/i.ytimg.com\\\/vi\\\/K7-ugjLdBvw\\\/hqdefault.jpg&quot;,&quot;640&quot;:&quot;https:\\\/\\\/i.ytimg.com\\\/vi\\\/K7-ugjLdBvw\\\/sddefault.jpg&quot;}\" data-video-id=\"K7-ugjLdBvw\" data-video-title=\"PALESTRA REALIZADA EM 26.07.25 | A sociedade do cansa\u00e7o - Eric Brand\u00e3o\">\r\n            <img decoding=\"async\" src=\"https:\/\/nucleopaf.com.br\/wp-content\/plugins\/feeds-for-youtube\/img\/placeholder.png\" alt=\"\">\r\n\r\n            <div class=\"sby_thumbnail_hover\">\r\n                <span class=\"sby_video_title\">PALESTRA REALIZADA EM 26.07.25 | A sociedade do cansa\u00e7o &#8211; Eric Brand\u00e3o<\/span>\r\n            <\/div>\r\n\r\n            <span class=\"sby-screenreader\">YouTube Video VVVDekpMUDRWSC1IVDF0RURiZ0xvVzBRLks3LXVnakxkQnZ3<\/span>\r\n\t                        <div class=\"sby_play_btn\">\r\n                    <span class=\"sby_play_btn_bg\"><\/span>\r\n                    <svg aria-hidden=\"true\" focusable=\"false\" data-prefix=\"fab\" data-icon=\"youtube\" role=\"img\" xmlns=\"http:\/\/www.w3.org\/2000\/svg\" viewBox=\"0 0 576 512\" class=\"svg-inline--fa fa-youtube fa-w-18\"><path fill=\"currentColor\" d=\"M549.655 124.083c-6.281-23.65-24.787-42.276-48.284-48.597C458.781 64 288 64 288 64S117.22 64 74.629 75.486c-23.497 6.322-42.003 24.947-48.284 48.597-11.412 42.867-11.412 132.305-11.412 132.305s0 89.438 11.412 132.305c6.281 23.65 24.787 41.5 48.284 47.821C117.22 448 288 448 288 448s170.78 0 213.371-11.486c23.497-6.321 42.003-24.171 48.284-47.821 11.412-42.867 11.412-132.305 11.412-132.305s0-89.438-11.412-132.305zm-317.51 213.508V175.185l142.739 81.205-142.739 81.201z\" class=\"\"><\/path><\/svg>                <\/div>\r\n                        <span class=\"sby_loader sby_hidden\" style=\"background-color: rgb(255, 255, 255);\"><\/span>\r\n        <\/a>\r\n\r\n        \r\n    <\/div>\r\n<\/div><div class=\"sby_item  sby_new sby_transition sby_no_margin\" id=\"sby_VVVDekpMUDRWSC1IVDF0RURiZ0xvVzBRLldYM2txQWVnUjRz\" data-date=\"1762376047\" data-video-id=\"WX3kqAegR4s\">\r\n    <div class=\"sby_video_thumbnail_wrap\">\r\n        <a class=\"sby_video_thumbnail sby_item_video_thumbnail\" href=\"https:\/\/www.youtube.com\/watch?v=WX3kqAegR4s\" target=\"_blank\" rel=\"noopener\" data-full-res=\"https:\/\/i.ytimg.com\/vi\/WX3kqAegR4s\/maxresdefault.jpg\" data-img-src-set=\"{&quot;120&quot;:&quot;https:\\\/\\\/i.ytimg.com\\\/vi\\\/WX3kqAegR4s\\\/default.jpg&quot;,&quot;320&quot;:&quot;https:\\\/\\\/i.ytimg.com\\\/vi\\\/WX3kqAegR4s\\\/mqdefault.jpg&quot;,&quot;480&quot;:&quot;https:\\\/\\\/i.ytimg.com\\\/vi\\\/WX3kqAegR4s\\\/hqdefault.jpg&quot;,&quot;640&quot;:&quot;https:\\\/\\\/i.ytimg.com\\\/vi\\\/WX3kqAegR4s\\\/sddefault.jpg&quot;}\" data-video-id=\"WX3kqAegR4s\" data-video-title=\"PALESTRA REALIZADA EM 28.06.25 | Jesus O Homem - Sidney Oliveira\">\r\n            <img decoding=\"async\" src=\"https:\/\/nucleopaf.com.br\/wp-content\/plugins\/feeds-for-youtube\/img\/placeholder.png\" alt=\"\">\r\n\r\n            <div class=\"sby_thumbnail_hover\">\r\n                <span class=\"sby_video_title\">PALESTRA REALIZADA EM 28.06.25 | Jesus O Homem &#8211; Sidney Oliveira<\/span>\r\n            <\/div>\r\n\r\n            <span class=\"sby-screenreader\">YouTube Video VVVDekpMUDRWSC1IVDF0RURiZ0xvVzBRLldYM2txQWVnUjRz<\/span>\r\n\t                        <div class=\"sby_play_btn\">\r\n                    <span class=\"sby_play_btn_bg\"><\/span>\r\n                    <svg aria-hidden=\"true\" focusable=\"false\" data-prefix=\"fab\" data-icon=\"youtube\" role=\"img\" xmlns=\"http:\/\/www.w3.org\/2000\/svg\" viewBox=\"0 0 576 512\" class=\"svg-inline--fa fa-youtube fa-w-18\"><path fill=\"currentColor\" d=\"M549.655 124.083c-6.281-23.65-24.787-42.276-48.284-48.597C458.781 64 288 64 288 64S117.22 64 74.629 75.486c-23.497 6.322-42.003 24.947-48.284 48.597-11.412 42.867-11.412 132.305-11.412 132.305s0 89.438 11.412 132.305c6.281 23.65 24.787 41.5 48.284 47.821C117.22 448 288 448 288 448s170.78 0 213.371-11.486c23.497-6.321 42.003-24.171 48.284-47.821 11.412-42.867 11.412-132.305 11.412-132.305s0-89.438-11.412-132.305zm-317.51 213.508V175.185l142.739 81.205-142.739 81.201z\" class=\"\"><\/path><\/svg>                <\/div>\r\n                        <span class=\"sby_loader sby_hidden\" style=\"background-color: rgb(255, 255, 255);\"><\/span>\r\n        <\/a>\r\n\r\n        \r\n    <\/div>\r\n<\/div><div class=\"sby_item  sby_new sby_transition sby_no_margin\" id=\"sby_VVVDekpMUDRWSC1IVDF0RURiZ0xvVzBRLjNJQ0daZllLT3o0\" data-date=\"1760551204\" data-video-id=\"3ICGZfYKOz4\">\r\n    <div class=\"sby_video_thumbnail_wrap\">\r\n        <a class=\"sby_video_thumbnail sby_item_video_thumbnail\" href=\"https:\/\/www.youtube.com\/watch?v=3ICGZfYKOz4\" target=\"_blank\" rel=\"noopener\" data-full-res=\"https:\/\/i.ytimg.com\/vi\/3ICGZfYKOz4\/maxresdefault.jpg\" data-img-src-set=\"{&quot;120&quot;:&quot;https:\\\/\\\/i.ytimg.com\\\/vi\\\/3ICGZfYKOz4\\\/default.jpg&quot;,&quot;320&quot;:&quot;https:\\\/\\\/i.ytimg.com\\\/vi\\\/3ICGZfYKOz4\\\/mqdefault.jpg&quot;,&quot;480&quot;:&quot;https:\\\/\\\/i.ytimg.com\\\/vi\\\/3ICGZfYKOz4\\\/hqdefault.jpg&quot;,&quot;640&quot;:&quot;https:\\\/\\\/i.ytimg.com\\\/vi\\\/3ICGZfYKOz4\\\/sddefault.jpg&quot;}\" data-video-id=\"3ICGZfYKOz4\" data-video-title=\"PALESTRA REALIZADA EM 24.05.25 | As Leis Morais - Palestrante: Valdney Sobreira\">\r\n            <img decoding=\"async\" src=\"https:\/\/nucleopaf.com.br\/wp-content\/plugins\/feeds-for-youtube\/img\/placeholder.png\" alt=\"\">\r\n\r\n            <div class=\"sby_thumbnail_hover\">\r\n                <span class=\"sby_video_title\">PALESTRA REALIZADA EM 24.05.25 | As Leis Morais &#8211; Palestrante: Valdney Sobreira<\/span>\r\n            <\/div>\r\n\r\n            <span class=\"sby-screenreader\">YouTube Video VVVDekpMUDRWSC1IVDF0RURiZ0xvVzBRLjNJQ0daZllLT3o0<\/span>\r\n\t                        <div class=\"sby_play_btn\">\r\n                    <span class=\"sby_play_btn_bg\"><\/span>\r\n                    <svg aria-hidden=\"true\" focusable=\"false\" data-prefix=\"fab\" data-icon=\"youtube\" role=\"img\" xmlns=\"http:\/\/www.w3.org\/2000\/svg\" viewBox=\"0 0 576 512\" class=\"svg-inline--fa fa-youtube fa-w-18\"><path fill=\"currentColor\" d=\"M549.655 124.083c-6.281-23.65-24.787-42.276-48.284-48.597C458.781 64 288 64 288 64S117.22 64 74.629 75.486c-23.497 6.322-42.003 24.947-48.284 48.597-11.412 42.867-11.412 132.305-11.412 132.305s0 89.438 11.412 132.305c6.281 23.65 24.787 41.5 48.284 47.821C117.22 448 288 448 288 448s170.78 0 213.371-11.486c23.497-6.321 42.003-24.171 48.284-47.821 11.412-42.867 11.412-132.305 11.412-132.305s0-89.438-11.412-132.305zm-317.51 213.508V175.185l142.739 81.205-142.739 81.201z\" class=\"\"><\/path><\/svg>                <\/div>\r\n                        <span class=\"sby_loader sby_hidden\" style=\"background-color: rgb(255, 255, 255);\"><\/span>\r\n        <\/a>\r\n\r\n        \r\n    <\/div>\r\n<\/div>    <\/div>\r\n\r\n\t<div class=\"sby_footer\">\r\n\r\n    <a class=\"sby_load_btn\" href=\"javascript:void(0);\" >\r\n        <span class=\"sby_btn_text\">Carregar mais&#8230;<\/span>\r\n        <span class=\"sby_loader sby_hidden\" style=\"background-color: rgb(255, 255, 255);\"><\/span>\r\n    <\/a>\r\n\r\n    <span class=\"sby_follow_btn sby_custom\">\r\n        <a href=\"https:\/\/www.youtube.com\/channel\/UCCzJLP4VH-HT1tEDbgLoW0Q\/\" style=\"background: rgb(221,4,4);\" target=\"_blank\" rel=\"noopener\"><svg aria-hidden=\"true\" focusable=\"false\" data-prefix=\"fab\" data-icon=\"youtube\" role=\"img\" xmlns=\"http:\/\/www.w3.org\/2000\/svg\" viewBox=\"0 0 576 512\" class=\"svg-inline--fa fa-youtube fa-w-18\"><path fill=\"currentColor\" d=\"M549.655 124.083c-6.281-23.65-24.787-42.276-48.284-48.597C458.781 64 288 64 288 64S117.22 64 74.629 75.486c-23.497 6.322-42.003 24.947-48.284 48.597-11.412 42.867-11.412 132.305-11.412 132.305s0 89.438 11.412 132.305c6.281 23.65 24.787 41.5 48.284 47.821C117.22 448 288 448 288 448s170.78 0 213.371-11.486c23.497-6.321 42.003-24.171 48.284-47.821 11.412-42.867 11.412-132.305 11.412-132.305s0-89.438-11.412-132.305zm-317.51 213.508V175.185l142.739 81.205-142.739 81.201z\" class=\"\"><\/path><\/svg>Inscreva-se<\/a>\r\n    <\/span>\r\n<\/div>\r\n\t<\/div>\n\n\n<p><\/p>\n","protected":false},"excerpt":{"rendered":"","protected":false},"author":1,"featured_media":0,"parent":0,"menu_order":0,"comment_status":"closed","ping_status":"closed","template":"","meta":{"footnotes":""},"class_list":["post-698","page","type-page","status-publish","hentry"],"_links":{"self":[{"href":"https:\/\/nucleopaf.com.br\/index.php?rest_route=\/wp\/v2\/pages\/698","targetHints":{"allow":["GET"]}}],"collection":[{"href":"https:\/\/nucleopaf.com.br\/index.php?rest_route=\/wp\/v2\/pages"}],"about":[{"href":"https:\/\/nucleopaf.com.br\/index.php?rest_route=\/wp\/v2\/types\/page"}],"author":[{"embeddable":true,"href":"https:\/\/nucleopaf.com.br\/index.php?rest_route=\/wp\/v2\/users\/1"}],"replies":[{"embeddable":true,"href":"https:\/\/nucleopaf.com.br\/index.php?rest_route=%2Fwp%2Fv2%2Fcomments&post=698"}],"version-history":[{"count":9,"href":"https:\/\/nucleopaf.com.br\/index.php?rest_route=\/wp\/v2\/pages\/698\/revisions"}],"predecessor-version":[{"id":713,"href":"https:\/\/nucleopaf.com.br\/index.php?rest_route=\/wp\/v2\/pages\/698\/revisions\/713"}],"wp:attachment":[{"href":"https:\/\/nucleopaf.com.br\/index.php?rest_route=%2Fwp%2Fv2%2Fmedia&parent=698"}],"curies":[{"name":"wp","href":"https:\/\/api.w.org\/{rel}","templated":true}]}}