{"id":39,"date":"2021-09-21T15:20:26","date_gmt":"2021-09-21T18:20:26","guid":{"rendered":"http:\/\/nucleopaf.com.br\/?page_id=39"},"modified":"2021-09-22T00:59:14","modified_gmt":"2021-09-22T03:59:14","slug":"iniciacao-a-doutrina-espirita-2a-parte","status":"publish","type":"page","link":"https:\/\/nucleopaf.com.br\/?page_id=39","title":{"rendered":"Inicia\u00e7\u00e3o \u00e0 Doutrina Esp\u00edrita &#8211; 2\u00aa Parte"},"content":{"rendered":"\n<div class=\"wp-block-columns is-layout-flex wp-container-core-columns-is-layout-9d6595d7 wp-block-columns-is-layout-flex\">\n<div class=\"wp-block-column is-layout-flow wp-block-column-is-layout-flow\" style=\"flex-basis:33.33%\">\n<figure class=\"wp-block-image size-full is-style-default\"><a href=\"https:\/\/www.febnet.org.br\/portal\/wp-content\/uploads\/2021\/02\/WEB-ESDE-Tomo-II-Reedi%C3%A7%C3%A3o-05-02-21.pdf\"><img decoding=\"async\" src=\"https:\/\/nucleopaf.com.br\/wp-content\/uploads\/2021\/09\/Capa-Tomo2.png\" alt=\"Capa do livro Estudo Sistematizado da Doutrina Esp\u00edrita - Tomo II\" class=\"wp-image-227\" width=\"NaN\" height=\"NaN\" srcset=\"https:\/\/nucleopaf.com.br\/wp-content\/uploads\/2021\/09\/Capa-Tomo2.png 543w, https:\/\/nucleopaf.com.br\/wp-content\/uploads\/2021\/09\/Capa-Tomo2-205x300.png 205w\" sizes=\"(max-width: 543px) 100vw, 543px\" \/><\/a><figcaption>Capa do livro utilizado no curso<\/figcaption><\/figure>\n\n\n\n<p class=\"has-small-font-size\"><a href=\"https:\/\/www.febnet.org.br\/portal\/wp-content\/uploads\/2021\/02\/WEB-ESDE-Tomo-II-Reedi%C3%A7%C3%A3o-05-02-21.pdf\">Clique aqui e baixe o PDF do livro<\/a><\/p>\n<\/div>\n\n\n\n<div class=\"wp-block-column is-layout-flow wp-block-column-is-layout-flow\" style=\"flex-basis:66.66%\">\n<p>texto<\/p>\n<\/div>\n<\/div>\n","protected":false},"excerpt":{"rendered":"<p>Clique aqui e baixe o PDF do livro texto<\/p>\n","protected":false},"author":1,"featured_media":0,"parent":0,"menu_order":0,"comment_status":"closed","ping_status":"closed","template":"","meta":{"footnotes":""},"class_list":["post-39","page","type-page","status-publish","hentry"],"_links":{"self":[{"href":"https:\/\/nucleopaf.com.br\/index.php?rest_route=\/wp\/v2\/pages\/39","targetHints":{"allow":["GET"]}}],"collection":[{"href":"https:\/\/nucleopaf.com.br\/index.php?rest_route=\/wp\/v2\/pages"}],"about":[{"href":"https:\/\/nucleopaf.com.br\/index.php?rest_route=\/wp\/v2\/types\/page"}],"author":[{"embeddable":true,"href":"https:\/\/nucleopaf.com.br\/index.php?rest_route=\/wp\/v2\/users\/1"}],"replies":[{"embeddable":true,"href":"https:\/\/nucleopaf.com.br\/index.php?rest_route=%2Fwp%2Fv2%2Fcomments&post=39"}],"version-history":[{"count":7,"href":"https:\/\/nucleopaf.com.br\/index.php?rest_route=\/wp\/v2\/pages\/39\/revisions"}],"predecessor-version":[{"id":296,"href":"https:\/\/nucleopaf.com.br\/index.php?rest_route=\/wp\/v2\/pages\/39\/revisions\/296"}],"wp:attachment":[{"href":"https:\/\/nucleopaf.com.br\/index.php?rest_route=%2Fwp%2Fv2%2Fmedia&parent=39"}],"curies":[{"name":"wp","href":"https:\/\/api.w.org\/{rel}","templated":true}]}}